{"id":550,"date":"2023-03-04T09:00:08","date_gmt":"2023-03-04T09:00:08","guid":{"rendered":"http:\/\/localhost\/wp\/furento\/?post_type=product&#038;p=550"},"modified":"2024-08-15T07:54:52","modified_gmt":"2024-08-15T07:54:52","slug":"grouped-product","status":"publish","type":"product","link":"https:\/\/genckuyumculuk.net\/?product=grouped-product","title":{"rendered":"Halka Kolye"},"content":{"rendered":"<p>14 Ayar Alt\u0131nd\u0131r. Fiyat \u0130\u00e7in Aray\u0131n\u0131z.<\/p>\n","protected":false},"excerpt":{"rendered":"<p>14 Ayar Alt\u0131nd\u0131r. Fiyat \u0130\u00e7in Aray\u0131n\u0131z.<\/p>\n","protected":false},"featured_media":2927,"template":"","meta":[],"product_cat":[33,43],"product_tag":[42],"class_list":{"0":"post-550","1":"product","2":"type-product","3":"status-publish","4":"has-post-thumbnail","6":"product_cat-accessories","7":"product_cat-necklaces","8":"product_tag-necklaces","10":"first","11":"instock","12":"shipping-taxable","13":"purchasable","14":"product-type-simple"},"_links":{"self":[{"href":"https:\/\/genckuyumculuk.net\/index.php?rest_route=\/wp\/v2\/product\/550","targetHints":{"allow":["GET"]}}],"collection":[{"href":"https:\/\/genckuyumculuk.net\/index.php?rest_route=\/wp\/v2\/product"}],"about":[{"href":"https:\/\/genckuyumculuk.net\/index.php?rest_route=\/wp\/v2\/types\/product"}],"version-history":[{"count":2,"href":"https:\/\/genckuyumculuk.net\/index.php?rest_route=\/wp\/v2\/product\/550\/revisions"}],"predecessor-version":[{"id":3369,"href":"https:\/\/genckuyumculuk.net\/index.php?rest_route=\/wp\/v2\/product\/550\/revisions\/3369"}],"wp:featuredmedia":[{"embeddable":true,"href":"https:\/\/genckuyumculuk.net\/index.php?rest_route=\/wp\/v2\/media\/2927"}],"wp:attachment":[{"href":"https:\/\/genckuyumculuk.net\/index.php?rest_route=%2Fwp%2Fv2%2Fmedia&parent=550"}],"wp:term":[{"taxonomy":"product_cat","embeddable":true,"href":"https:\/\/genckuyumculuk.net\/index.php?rest_route=%2Fwp%2Fv2%2Fproduct_cat&post=550"},{"taxonomy":"product_tag","embeddable":true,"href":"https:\/\/genckuyumculuk.net\/index.php?rest_route=%2Fwp%2Fv2%2Fproduct_tag&post=550"}],"curies":[{"name":"wp","href":"https:\/\/api.w.org\/{rel}","templated":true}]}}